 31 + d. Calculate the remainder when 32 is divided by n.
10
Suppose y - 24 = -2*i, 5*i = 4*y - 10 - 34. What is the remainder when 1588/y + (-1)/(-4)*-1 is divided by 5?
4
Let c = -14204 - -15971. What is the remainder when c is divided by 13?
12
Suppose 3*a - 226 + 64 = 0. What is the remainder when -9*3*(-30)/a is divided by 4?
3
Let l(w) = -w + 27. Let d be l(12). Suppose -2*a = -5*a + d. Suppose -5*u = a*u - 170. What is the remainder when u is divided by 5?
2
Let z = 15 - 366. What is the remainder when (-2038)/(-18) + 78/z is divided by 27?
5
Let k = 1561 - 1535. Calculate the remainder when 111 + (4 - (-1 + 2)) is divided by k.
10
Let n(j) = 67*j - 2071. What is the remainder when 579 is divided by n(32)?
68
Suppose -28*n + 13*n = -2010. Let h = -25 + 48. Calculate the remainder when n is divided by h.
19
Let d(y) = 3*y**2 + 45 - 85 + 39 + y**3 - 8*y. Suppose 3*m - 14 = 2*b, -5*m - 4 = -2*b - 22. Calculate the remainder when d(2) is divided by m.
1
Let f(l) = 2*l**3 - 25*l**2 + 186*l - 37. Calculate the remainder when f(16) is divided by 16.
11
Suppose -131*n = -37820 - 16414. Calculate the remainder when 1669 is divided by n.
13
Let j(c) = -c**3 + 13*c**2 + 78*c - 4. Calculate the remainder when 235 is divided by j(-5).
11
Let w(s) = s**3 + 4*s**2 + 4*s + 7. Let o be w(-3). What is the remainder when (2/o)/(20/160) is divided by 3?
1
Suppose 6*o - 103 = 221. Let n = 84 - o. Suppose 0 = -4*k + 6*k - 356. Calculate the remainder when k is divided by n.
28
Let d be (-1)/((24/28)/6). Let s = 58 - d. What is the remainder when s is divided by 37?
28
Let x(v) = 10*v**2 - 81*v - 16. Let s(o) = -7*o + 170. Let a be s(23). What is the remainder when x(a) is divided by 14?
9
Let n(g) = -g**3 - 4*g**2 - 7*g - 4. Let y be n(-4). Suppose 7*c = c + y. Suppose -m = -5*f - 22, f - c = -1. Calculate the remainder when 183 is divided by m.
35
Calculate the remainder when 1*-4*(-555516)/936 is divided by 264.
262
Let s be 45/25 - 1/(-5). Suppose 22 = -c + s*c. Suppose l - 84 = -l. What is the remainder when l is divided by c?
20
What is the remainder when -24 + 52/91*266 is divided by 20?
8
Suppose 3*r - u - 124 = 0, -3*r + 2331*u - 2336*u + 172 = 0. What is the remainder when 15883 is divided by r?
43
Let f(u) = u**3 + 7*u**2 + 10*u + 26. Let v be f(-6). What is the remainder when 120 is divided by 17/(36/8 - v - 2)?
18
Let m(z) = 147*z - 4544. Calculate the remainder when 502 is divided by m(32).
22
Let x = -12081 + 12091. Calculate the remainder when 4148 is divided by x.
8
Let y(h) = -8*h - 134. Suppose 0 = 5*p - 11 - 14. Calculate the remainder when p is divided by y(-17).
1
Let g be (-158)/10 - (-8)/(-40). Suppose 38*y - 66*y + 1736 = 0. Calculate the remainder when y is divided by 88/g*-2*2.
18
Let k(s) = 322*s**3 + 3*s**2 + 44*s - 46. What is the remainder when k(1) is divided by 145?
33
Let k(f) = -f**3 - f**2 + 2*f + 1. Let n be k(-2). Let a(g) = 23*g**2 + g. What is the remainder when 5421/57 - (-5)/((-760)/16) is divided by a(n)?
23
Suppose 39*o + 1586 = 553 - 1268. Suppose l + 201 = 4*l. Let y = o + l. What is the remainder when 33 is divided by y?
1
Let h = 1656 + -1609. Suppose -5*j = -h*s + 48*s + 13, 0 = -s + j + 17. Calculate the remainder when (-17)/1*2/(-2) is divided by s.
5
Suppose 0 = 5*b - 25, 5*b - 7*b = 2*f + 582. Let v = -287 - f. What is the remainder when 89 is divided by v?
8
Calculate the remainder when ((-111)/(-2))/(45/2430) is divided by 15.
12
Let p be (-4)/10 + 72/(-45). Let b be 2/(-4) + 185/p. Let i = b + 179. What is the remainder when i is divided by 29?
28
Suppose 0 = 5*r + 5129 - 5184. What is the remainder when 24 is divided by r?
2
Suppose -9*l - 13 = -8*l. Let w = l + 69. Suppose -6 + 42 = 2*g - 3*m, 0 = 4*g + 2*m - w. Calculate the remainder when 41 is divided by g.
11
Let k(c) be the third derivative of c**4/12 + 14*c**3/3 + 6*c**2. What is the remainder when 177/9 - 16/24 is divided by k(-9)?
9
Let a = 55 + -101. Let f = 51 + a. Let m(j) = 11*j - 18. Calculate the remainder when 108 is divided by m(f).
34
Let r = -8852 + 8990. What is the remainder when r is divided by 55?
28
Suppose -15*s - 120 = -660. Suppose 2*u - 68 = -2*u. Calculate the remainder when s is divided by u.
2
Suppose 0 = 5*x - 4*w - 133, -7*x + 177 = -2*w - 2. Calculate the remainder when 9148 is divided by x.
23
Suppose 39*j = 40*j + 426. Let s = j - -702. What is the remainder when s is divided by 31?
28
What is the remainder when 635 is divided by (-191)/(-3) - 3*(-11 + (-1274)/(-117))?
59
Let h = 2157 + -1942. Calculate the remainder when h is divided by 18.
17
Let o(g) = g**3 - 29*g**2 - 205*g + 50. Calculate the remainder when 1316 is divided by o(35).
191
Let z(g) = 12*g**2 + 48*g + 19. Let v be z(-10). Let h = 812 - v. What is the remainder when h is divided by 43?
30
Let u(h) = 12*h. Let f be u(8). Suppose -206*i + 202*i = -f. What is the remainder when 78 is divided by i?
6
Let x = 113 - -163. Suppose -3*q = -2*t - x, 3*t + 428 = -0*t + q. What is the remainder when 24 is divided by ((-6)/(-8))/(4/t*-3)?
6
Let j(x) = -x**2 - 30*x - 139. Let r be j(-23). Suppose -2*z - 2*p - p = -99, z + p = 48. Calculate the remainder when z is divided by 33/(-297) - r*(-5)/18.
3
Let a(f) = 14*f**2 - f. Suppose -3*v + d = -498, 3*v - d - 486 = 4*d. Suppose v*k = 169*k - 78. Calculate the remainder when k is divided by a(-1).
9
Suppose -3*d - d = 0. Suppose -3*k - 3*x + 831 = d, -4*x = 3*k - 751 - 84. Calculate the remainder when k is divided by 69.
66
Let a be -2 + (3 + -4)*10. Let g(x) = x**3 + 10*x**2 - 26*x + 16. Let p be g(a). Suppose -z + p + 30 = 0. What is the remainder when z is divided by 36?
34
Suppose 3551 = -23*g - 888. Let x = 268 + g. Calculate the remainder when x is divided by 16.
11
Let b(o) = 5*o**2 + 23*o - 63. What is the remainder when b(-13) is divided by 26?
15
Let h = -76 - -140. Let d(g) = -20*g + 232. Let l be d(0). Let t = -209 + l. What is the remainder when h is divided by t?
18
Let v be (18/(-4))/3*-2. Suppose v*h = -3*b + 96, 2*h - 4*h = 0. Suppose -48*f - 60 = -52*f + 4*p, -3*p - 7 = -f. What is the remainder when b is divided by f?
13
Let q = 3626 + -3313. What is the remainder when q is divided by 40?
33
Suppose 19*v = 15*v - 1212. Let p = -234 - v. What is the remainder when p is divided by 23?
0
Let z be 1*4468/(-12) - (-4)/(-6). Let l = z - -531. Calculate the remainder when l is divided by 23.
20
Let r be 2 + (-54)/(-15) - 18/(-45). Suppose 11*y - r = 12*y. Calculate the remainder when 23 is divided by (208/24)/(-1*4/y).
10
Let a(h) = -20*h + 41. Let s be a(16). Let z = s + 329. What is the remainder when 298 is divided by z?
48
Calculate the remainder when 594130/1378 - 4/26*1 is divided by 71.
5
Let n(i) = -18*i**2 - 73*i + 11. Calculate the remainder when 477 is divided by n(-4).
12
Suppose 212 = 4*j - 2*n, 0 = 6*j - 4*j - 3*n - 110. What is the remainder when ((-2800)/(-3))/(-20)*(-1 + -2) is divided by j?
36
Calculate the remainder when 1277 is divided by ((-36)/(-20))/((-50)/(-12750)).
359
Calculate the remainder when 670 is divided by -7 + 328/8 + -2.
30
Suppose 16*n + 14*n - 454 = 296. What is the remainder when (-5 + 0 + 2)*-23 is divided by n?
19
Let c = 24755 + -24289. What is the remainder when 523 is divided by c?
57
Let m be (-4)/22 - (-7320)/(-33). Let i = -193 - m. Calculate the remainder when 45 is divided by i.
16
Let z(b) = -177*b**2 - 1241*b - 3. Calculate the remainder when 1879 is divided by z(-7).
9
Let r(i) = -8*i - 11. Let x be r(-2). Suppose x*g - 507 = -92. Suppose -t - 5*z = -33, 3*t + z = -12 + g. What is the remainder when t is divided by 2?
1
Let h = 31559 - 27751. Calculate the remainder when h is divided by 349.
318
Suppose 13*a - 7*a = -12. Let k be (a/(-6))/((-3)/(-12924)). Suppose 175 = -13*u + k. What is the remainder when u is divided by 50?
47
Suppose -4*m + 5*t = -28, -2*m - 4 + 36 = 2*t. Suppose s - 2387 - 3417 = -5*j, 3*j - 4*s - 3487 = 0. What is the remainder when j is divided by m?
9
Suppose 670 = 5*o + 15. Suppose -3*y + 4*y = o. What is the remainder when y is divided by 1/12*-9*(176/(-6))/1?
21
Let d = -565107 + 565517. Let j(m) = -69*m**3. Calculate the remainder when d is divided by j(-1).
65
Let i(q) = 2*q**3 - 3*q**2 - q - 4. What is the remainder when